266
What is the highest common factor of 189 and 39753?
63
What is the greatest common divisor of 20 and 1558720?
20
What is the highest common divisor of 279 and 2534250?
93
Calculate the highest common divisor of 55638 and 11.
11
Calculate the highest common factor of 526743 and 1858.
929
Calculate the highest common factor of 33110 and 105.
35
Calculate the highest common factor of 231 and 2982.
21
Calculate the highest common factor of 325 and 19045.
65
What is the greatest common divisor of 34713 and 7?
7
Calculate the highest common divisor of 403512 and 414.
138
What is the highest common factor of 135794 and 2666?
86
Calculate the highest common factor of 49156 and 4.
4
Calculate the highest common divisor of 1419 and 16254.
129
What is the greatest common divisor of 2983 and 18506?
19
Calculate the greatest common factor of 16220 and 4710.
10
What is the greatest common divisor of 1036315 and 7105?
1015
What is the greatest common factor of 9 and 143757?
9
Calculate the highest common factor of 2024 and 851.
23
What is the highest common divisor of 976 and 7568?
16
What is the greatest common divisor of 8225 and 329?
329
Calculate the highest common factor of 70169 and 33.
11
Calculate the highest common divisor of 285789 and 8463.
651
Calculate the highest common factor of 130 and 26270.
10
What is the greatest common divisor of 34522 and 37474?
82
Calculate the highest common divisor of 44 and 1915892.
44
What is the greatest common factor of 270 and 1354590?
270
Calculate the highest common divisor of 121037 and 49.
7
Calculate the highest common divisor of 240 and 13140.
60
What is the greatest common factor of 2764875 and 1125?
375
What is the greatest common divisor of 21 and 14633871?
21
Calculate the greatest common factor of 4201823 and 694.
347
What is the greatest common factor of 4595 and 246292?
919
Calculate the highest common factor of 222 and 698116.
74
What is the highest common divisor of 20 and 4265?
5
Calculate the greatest common factor of 23712 and 26000.
208
Calculate the greatest common factor of 9540 and 1080.
180
Calculate the highest common factor of 10711314 and 18.
18
Calculate the highest common divisor of 260 and 3971084.
52
Calculate the highest common factor of 22962 and 3870.
258
What is the greatest common factor of 1061406 and 144?
18
What is the highest common factor of 47756 and 4?
4
What is the greatest common divisor of 54 and 1980477?
27
What is the highest common divisor of 124 and 229276?
124
Calculate the greatest common factor of 1175552 and 112.
112
Calculate the greatest common divisor of 5538 and 17466.
426
Calculate the greatest common divisor of 84588 and 168.
84
Calculate the greatest common divisor of 10 and 87580.
10
Calculate the highest common factor of 1521 and 7137.
117
What is the greatest common divisor of 22 and 13761?
11
Calculate the highest common divisor of 4816 and 392.
56
What is the greatest common factor of 1642426 and 5870?
1174
Calculate the highest common factor of 1511424 and 72.
72
What is the greatest common divisor of 851 and 2051761?
851
What is the highest common divisor of 3123441 and 162?
81
Calculate the highest common divisor of 837 and 1102143.
93
Calculate the greatest common divisor of 282 and 64766.
94
Calculate the highest common factor of 674739 and 474.
237
What is the greatest common factor of 52558 and 2442?
22
Calculate the greatest common divisor of 455 and 207207.
91
Calculate the greatest common divisor of 19488 and 278922.
1218
Calculate the highest common divisor of 9 and 1671471.
9
What is the highest common divisor of 644 and 7588?
28
What is the highest common factor of 1058 and 844813?
529
What is the greatest common divisor of 12719 and 54579?
161
Calculate the greatest common divisor of 8256 and 976.
16
Calculate the greatest common factor of 9 and 266316.
3
Calculate the greatest common divisor of 3110 and 690.
10
Calculate the highest common divisor of 83577 and 78.
39
What is the highest common factor of 47350 and 450?
50
Calculate the greatest common factor of 515 and 6592.
103
What is the greatest common divisor of 4491 and 2547?
9
What is the greatest common factor of 1665 and 36963?
333
Calculate the greatest common divisor of 18335 and 1737.
193
What is the highest common divisor of 715 and 60885?
55
What is the greatest common factor of 460836 and 2907?
153
What is the greatest common factor of 4442 and 44?
2
Calculate the greatest common factor of 44704 and 49784.
1016
What is the greatest common divisor of 108 and 103302?
54
Calculate the highest common divisor of 18 and 2022.
6
Calculate the greatest common divisor of 10896 and 1135.
227
What is the greatest common divisor of 109 and 35534?
109
What is the highest common factor of 4719140 and 460?
460
What is the highest common divisor of 4393 and 7429?
23
What is the highest common divisor of 63 and 15113?
7
Calculate the greatest common factor of 39 and 5161.
13
What is the greatest common divisor of 290 and 297685?
145
Calculate the highest common factor of 10064 and 7208.
136
Calculate the highest common divisor of 2385 and 162551.
53
What is the highest common factor of 1500 and 22236?
12
What is the highest common divisor of 1706 and 2037817?
853
What is the greatest common divisor of 343 and 34202?
49
Calculate the highest common factor of 305 and 525515.
305
Calculate the greatest common divisor of 174 and 13853967.
87
Calculate the highest common divisor of 36 and 149656.
4
What is the highest common divisor of 1083426 and 424?
106
Calculate the highest common divisor of 43684 and 20904.
268
Calculate the greatest common factor of 48 and 3156.
12
What is the greatest common factor of 474 and 1264?
158
What is the highest common divisor of 30 and 2516805?
15
What is the highest common factor of 459 and 500769?
459
Calculate the highest common divisor of 2028303 and 222.
111
Calculate the greatest common factor of 122417 and 14023.
379
What is the highest common factor of 39141 and 126?
9
Calculate the highest common divisor of 31455 and 585.
45
What is the highest common factor of 174849 and 501?
501
Calculate the greatest common divisor of 206 and 369049.
103
Calculate the greatest common divisor of 287 and 507129.
287
Calculate the greatest common factor of 256027 and 8048.
503
Calculate the greatest common factor of 56 and 96663.
7
Calculate the greatest common divisor of 45 and 2913.
3
Calculate the greatest common divisor of 45 and 92241.
9
Calculate the greatest common factor of 42 and 586306.
14
Calculate the highest common divisor of 8280 and 680.
40
Calculate the highest common divisor of 132 and 2748537.
33
What is the greatest common divisor of 888 and 2812?
148
What is the greatest common factor of 732 and 3156?
12
Calculate the highest common factor of 209840 and 1525.
305
Calculate the highest common divisor of 441070 and 70.
70
What is the highest common factor of 910020 and 1020?
60
Calculate the highest common factor of 2480 and 113460.
620
What is the highest common factor of 1032 and 197112?
1032
What is the highest common factor of 356 and 604?
4
Calculate the highest common divisor of 1040 and 2158.
26
What is the highest common factor of 51 and 94690?
17
Calculate the highest common divisor of 97006 and 2002.
182
Calculate the greatest common divisor of 115450 and 550.
50
What is the highest common divisor of 565824 and 1728?
192
Calculate the greatest common divisor of 69270 and 150.
30
What is the highest common factor of 18419 and 565?
113
Calculate the highest common factor of 324 and 23.
1
Calculate the greatest common factor of 48 and 1471344.
48
Calculate the greatest common divisor of 3765 and 506769.
753
What is the highest common factor of 27 and 12636?
27
What is the highest common factor of 7191 and 306?
153
Calculate the highest common factor of 24 and 172032.
24
What is the greatest common factor of 1286 and 463603?
643
Calculate the greatest common divisor of 3549 and 41181.
21
What is the greatest common factor of 105 and 93135?
105
Calculate the greatest common divisor of 749 and 20055.
7
Calculate the highest common divisor of 3999 and 21543.
129
What is the greatest common divisor of 1571362 and 2704?
338
What is the hi